{"id":114,"date":"2024-01-01T19:02:37","date_gmt":"2024-01-01T19:02:37","guid":{"rendered":"https:\/\/technologysolutions.ar502.com\/?page_id=114"},"modified":"2024-11-03T01:30:40","modified_gmt":"2024-11-03T01:30:40","slug":"nuestros-clientes","status":"publish","type":"page","link":"https:\/\/technologysolutions.ar502.com\/index.php\/nuestros-clientes\/","title":{"rendered":"Nuestros Clientes"},"content":{"rendered":"\t\t<div data-elementor-type=\"wp-page\" data-elementor-id=\"114\" class=\"elementor elementor-114\" data-elementor-post-type=\"page\">\n\t\t\t\t\t\t<section class=\"elementor-section elementor-top-section elementor-element elementor-element-68ed16a9 elementor-section-boxed elementor-section-height-default elementor-section-height-default\" data-id=\"68ed16a9\" data-element_type=\"section\" data-settings=\"{&quot;background_background&quot;:&quot;classic&quot;}\">\n\t\t\t\t\t\t\t<div class=\"elementor-background-overlay\"><\/div>\n\t\t\t\t\t\t\t<div class=\"elementor-container elementor-column-gap-default\">\n\t\t\t\t\t<div class=\"elementor-column elementor-col-50 elementor-top-column elementor-element elementor-element-4a572b71\" data-id=\"4a572b71\" data-element_type=\"column\">\n\t\t\t<div class=\"elementor-widget-wrap elementor-element-populated\">\n\t\t\t\t\t\t\t<\/div>\n\t\t<\/div>\n\t\t\t\t<div class=\"elementor-column elementor-col-50 elementor-top-column elementor-element elementor-element-1a1e32be\" data-id=\"1a1e32be\" data-element_type=\"column\">\n\t\t\t<div class=\"elementor-widget-wrap\">\n\t\t\t\t\t\t\t<\/div>\n\t\t<\/div>\n\t\t\t\t\t<\/div>\n\t\t<\/section>\n\t\t\t\t<section class=\"elementor-section elementor-top-section elementor-element elementor-element-3a2475e elementor-section-boxed elementor-section-height-default elementor-section-height-default\" data-id=\"3a2475e\" data-element_type=\"section\">\n\t\t\t\t\t\t<div class=\"elementor-container elementor-column-gap-no\">\n\t\t\t\t\t<div class=\"elementor-column elementor-col-100 elementor-top-column elementor-element elementor-element-3bc5c3fc\" data-id=\"3bc5c3fc\" data-element_type=\"column\">\n\t\t\t<div class=\"elementor-widget-wrap elementor-element-populated\">\n\t\t\t\t\t\t<div class=\"elementor-element elementor-element-c2294a1 elementor-invisible elementor-widget elementor-widget-heading\" data-id=\"c2294a1\" data-element_type=\"widget\" data-settings=\"{&quot;_animation&quot;:&quot;fadeInUp&quot;,&quot;_animation_delay&quot;:200}\" data-widget_type=\"heading.default\">\n\t\t\t\t<div class=\"elementor-widget-container\">\n\t\t\t<h2 class=\"elementor-heading-title elementor-size-default\">Algunos de nuestros clientes <\/h2>\t\t<\/div>\n\t\t\t\t<\/div>\n\t\t\t\t\t<\/div>\n\t\t<\/div>\n\t\t\t\t\t<\/div>\n\t\t<\/section>\n\t\t\t\t<section class=\"elementor-section elementor-top-section elementor-element elementor-element-1269663 elementor-section-boxed elementor-section-height-default elementor-section-height-default\" data-id=\"1269663\" data-element_type=\"section\">\n\t\t\t\t\t\t<div class=\"elementor-container elementor-column-gap-default\">\n\t\t\t\t\t<div class=\"elementor-column elementor-col-33 elementor-top-column elementor-element elementor-element-8d73b4b\" data-id=\"8d73b4b\" data-element_type=\"column\">\n\t\t\t<div class=\"elementor-widget-wrap elementor-element-populated\">\n\t\t\t\t\t\t<div class=\"elementor-element elementor-element-a6ccb52 elementor-position-top elementor-invisible elementor-widget elementor-widget-image-box\" data-id=\"a6ccb52\" data-element_type=\"widget\" data-settings=\"{&quot;_animation&quot;:&quot;slideInUp&quot;}\" data-widget_type=\"image-box.default\">\n\t\t\t\t<div class=\"elementor-widget-container\">\n\t\t\t<div class=\"elementor-image-box-wrapper\"><figure class=\"elementor-image-box-img\"><a href=\"https:\/\/transpoguevara.com.gt\/\" tabindex=\"-1\"><img decoding=\"async\" width=\"194\" height=\"156\" src=\"https:\/\/technologysolutions.ar502.com\/wp-content\/uploads\/2024\/10\/cropped-imagen-sin-fondo-194x156-1.png\" class=\"attachment-full size-full wp-image-415\" alt=\"\" \/><\/a><\/figure><div class=\"elementor-image-box-content\"><h3 class=\"elementor-image-box-title\"><a href=\"https:\/\/transpoguevara.com.gt\/\">Transportes Guevara Alfaro<\/a><\/h3><p class=\"elementor-image-box-description\">Empresa de transportes, traslado de contenedores y carga especializada.<\/p><\/div><\/div>\t\t<\/div>\n\t\t\t\t<\/div>\n\t\t\t\t\t<\/div>\n\t\t<\/div>\n\t\t\t\t<div class=\"elementor-column elementor-col-33 elementor-top-column elementor-element elementor-element-76ed460\" data-id=\"76ed460\" data-element_type=\"column\">\n\t\t\t<div class=\"elementor-widget-wrap elementor-element-populated\">\n\t\t\t\t\t\t<div class=\"elementor-element elementor-element-2d6b849 elementor-position-top elementor-invisible elementor-widget elementor-widget-image-box\" data-id=\"2d6b849\" data-element_type=\"widget\" data-settings=\"{&quot;_animation&quot;:&quot;slideInUp&quot;}\" data-widget_type=\"image-box.default\">\n\t\t\t\t<div class=\"elementor-widget-container\">\n\t\t\t<div class=\"elementor-image-box-wrapper\"><figure class=\"elementor-image-box-img\"><a href=\"https:\/\/lifebuilder.ar502.com\/\" tabindex=\"-1\"><img decoding=\"async\" width=\"211\" height=\"89\" src=\"https:\/\/technologysolutions.ar502.com\/wp-content\/uploads\/2024\/10\/cropped-logo-removebg-preview-1.png\" class=\"attachment-full size-full wp-image-411\" alt=\"\" \/><\/a><\/figure><div class=\"elementor-image-box-content\"><h3 class=\"elementor-image-box-title\"><a href=\"https:\/\/lifebuilder.ar502.com\/\">Life Builders<\/a><\/h3><p class=\"elementor-image-box-description\">Construccion de casas de madera y venta de inmuebles.<\/p><\/div><\/div>\t\t<\/div>\n\t\t\t\t<\/div>\n\t\t\t\t\t<\/div>\n\t\t<\/div>\n\t\t\t\t<div class=\"elementor-column elementor-col-33 elementor-top-column elementor-element elementor-element-72d6544\" data-id=\"72d6544\" data-element_type=\"column\">\n\t\t\t<div class=\"elementor-widget-wrap elementor-element-populated\">\n\t\t\t\t\t\t<div class=\"elementor-element elementor-element-73ba614 elementor-position-top elementor-invisible elementor-widget elementor-widget-image-box\" data-id=\"73ba614\" data-element_type=\"widget\" data-settings=\"{&quot;_animation&quot;:&quot;slideInUp&quot;}\" data-widget_type=\"image-box.default\">\n\t\t\t\t<div class=\"elementor-widget-container\">\n\t\t\t<div class=\"elementor-image-box-wrapper\"><figure class=\"elementor-image-box-img\"><a href=\"https:\/\/ebenekids.com.gt\/\" tabindex=\"-1\"><img fetchpriority=\"high\" decoding=\"async\" width=\"225\" height=\"225\" src=\"https:\/\/technologysolutions.ar502.com\/wp-content\/uploads\/2024\/10\/images.png\" class=\"attachment-full size-full wp-image-487\" alt=\"\" srcset=\"https:\/\/technologysolutions.ar502.com\/wp-content\/uploads\/2024\/10\/images.png 225w, https:\/\/technologysolutions.ar502.com\/wp-content\/uploads\/2024\/10\/images-100x100.png 100w, https:\/\/technologysolutions.ar502.com\/wp-content\/uploads\/2024\/10\/images-150x150.png 150w\" sizes=\"(max-width: 225px) 100vw, 225px\" \/><\/a><\/figure><div class=\"elementor-image-box-content\"><h3 class=\"elementor-image-box-title\"><a href=\"https:\/\/ebenekids.com.gt\/\">EbeneKids<\/a><\/h3><p class=\"elementor-image-box-description\">Ministerio infantil, ense\u00f1anza b\u00edblica y actividades din\u00e1micas para ni\u00f1os.<\/p><\/div><\/div>\t\t<\/div>\n\t\t\t\t<\/div>\n\t\t\t\t\t<\/div>\n\t\t<\/div>\n\t\t\t\t\t<\/div>\n\t\t<\/section>\n\t\t\t\t<\/div>\n\t\t","protected":false},"excerpt":{"rendered":"<p>Algunos de nuestros clientes Transportes Guevara Alfaro Empresa de transportes, traslado de contenedores y carga especializada. Life Builders Construccion de casas de madera y venta de inmuebles. EbeneKids Ministerio infantil, ense\u00f1anza b\u00edblica y actividades din\u00e1micas para ni\u00f1os.<\/p>\n","protected":false},"author":1,"featured_media":0,"parent":0,"menu_order":0,"comment_status":"closed","ping_status":"closed","template":"","meta":{"site-sidebar-layout":"no-sidebar","site-content-layout":"","ast-site-content-layout":"full-width-container","site-content-style":"default","site-sidebar-style":"default","ast-global-header-display":"","ast-banner-title-visibility":"","ast-main-header-display":"","ast-hfb-above-header-display":"","ast-hfb-below-header-display":"","ast-hfb-mobile-header-display":"","site-post-title":"disabled","ast-breadcrumbs-content":"","ast-featured-img":"disabled","footer-sml-layout":"","theme-transparent-header-meta":"","adv-header-id-meta":"","stick-header-meta":"","header-above-stick-meta":"","header-main-stick-meta":"","header-below-stick-meta":"","astra-migrate-meta-layouts":"default","ast-page-background-enabled":"default","ast-page-background-meta":{"desktop":{"background-color":"var(--ast-global-color-4)","background-image":"","background-repeat":"repeat","background-position":"center center","background-size":"auto","background-attachment":"scroll","background-type":"","background-media":"","overlay-type":"","overlay-color":"","overlay-opacity":"","overlay-gradient":""},"tablet":{"background-color":"","background-image":"","background-repeat":"repeat","background-position":"center center","background-size":"auto","background-attachment":"scroll","background-type":"","background-media":"","overlay-type":"","overlay-color":"","overlay-opacity":"","overlay-gradient":""},"mobile":{"background-color":"","background-image":"","background-repeat":"repeat","background-position":"center center","background-size":"auto","background-attachment":"scroll","background-type":"","background-media":"","overlay-type":"","overlay-color":"","overlay-opacity":"","overlay-gradient":""}},"ast-content-background-meta":{"desktop":{"background-color":"var(--ast-global-color-5)","background-image":"","background-repeat":"repeat","background-position":"center center","background-size":"auto","background-attachment":"scroll","background-type":"","background-media":"","overlay-type":"","overlay-color":"","overlay-opacity":"","overlay-gradient":""},"tablet":{"background-color":"var(--ast-global-color-5)","background-image":"","background-repeat":"repeat","background-position":"center center","background-size":"auto","background-attachment":"scroll","background-type":"","background-media":"","overlay-type":"","overlay-color":"","overlay-opacity":"","overlay-gradient":""},"mobile":{"background-color":"var(--ast-global-color-5)","background-image":"","background-repeat":"repeat","background-position":"center center","background-size":"auto","background-attachment":"scroll","background-type":"","background-media":"","overlay-type":"","overlay-color":"","overlay-opacity":"","overlay-gradient":""}},"footnotes":""},"class_list":["post-114","page","type-page","status-publish","hentry"],"yoast_head":"<!-- This site is optimized with the Yoast SEO plugin v23.6 - https:\/\/yoast.com\/wordpress\/plugins\/seo\/ -->\n<title>Nuestros Clientes - Technology Solution<\/title>\n<meta name=\"robots\" content=\"index, follow, max-snippet:-1, max-image-preview:large, max-video-preview:-1\" \/>\n<link rel=\"canonical\" href=\"https:\/\/technologysolutions.ar502.com\/index.php\/nuestros-clientes\/\" \/>\n<meta property=\"og:locale\" content=\"en_US\" \/>\n<meta property=\"og:type\" content=\"article\" \/>\n<meta property=\"og:title\" content=\"Nuestros Clientes - Technology Solution\" \/>\n<meta property=\"og:description\" content=\"Algunos de nuestros clientes Transportes Guevara Alfaro Empresa de transportes, traslado de contenedores y carga especializada. Life Builders Construccion de casas de madera y venta de inmuebles. EbeneKids Ministerio infantil, ense\u00f1anza b\u00edblica y actividades din\u00e1micas para ni\u00f1os.\" \/>\n<meta property=\"og:url\" content=\"https:\/\/technologysolutions.ar502.com\/index.php\/nuestros-clientes\/\" \/>\n<meta property=\"og:site_name\" content=\"Technology Solution\" \/>\n<meta property=\"article:modified_time\" content=\"2024-11-03T01:30:40+00:00\" \/>\n<meta property=\"og:image\" content=\"https:\/\/technologysolutions.ar502.com\/wp-content\/uploads\/2024\/10\/cropped-imagen-sin-fondo-194x156-1.png\" \/>\n\t<meta property=\"og:image:width\" content=\"194\" \/>\n\t<meta property=\"og:image:height\" content=\"156\" \/>\n\t<meta property=\"og:image:type\" content=\"image\/png\" \/>\n<meta name=\"twitter:card\" content=\"summary_large_image\" \/>\n<meta name=\"twitter:label1\" content=\"Est. reading time\" \/>\n\t<meta name=\"twitter:data1\" content=\"1 minute\" \/>\n<script type=\"application\/ld+json\" class=\"yoast-schema-graph\">{\"@context\":\"https:\/\/schema.org\",\"@graph\":[{\"@type\":\"WebPage\",\"@id\":\"https:\/\/technologysolutions.ar502.com\/index.php\/nuestros-clientes\/\",\"url\":\"https:\/\/technologysolutions.ar502.com\/index.php\/nuestros-clientes\/\",\"name\":\"Nuestros Clientes - Technology Solution\",\"isPartOf\":{\"@id\":\"https:\/\/technologysolutions.ar502.com\/#website\"},\"primaryImageOfPage\":{\"@id\":\"https:\/\/technologysolutions.ar502.com\/index.php\/nuestros-clientes\/#primaryimage\"},\"image\":{\"@id\":\"https:\/\/technologysolutions.ar502.com\/index.php\/nuestros-clientes\/#primaryimage\"},\"thumbnailUrl\":\"https:\/\/technologysolutions.ar502.com\/wp-content\/uploads\/2024\/10\/cropped-imagen-sin-fondo-194x156-1.png\",\"datePublished\":\"2024-01-01T19:02:37+00:00\",\"dateModified\":\"2024-11-03T01:30:40+00:00\",\"breadcrumb\":{\"@id\":\"https:\/\/technologysolutions.ar502.com\/index.php\/nuestros-clientes\/#breadcrumb\"},\"inLanguage\":\"en-US\",\"potentialAction\":[{\"@type\":\"ReadAction\",\"target\":[\"https:\/\/technologysolutions.ar502.com\/index.php\/nuestros-clientes\/\"]}]},{\"@type\":\"ImageObject\",\"inLanguage\":\"en-US\",\"@id\":\"https:\/\/technologysolutions.ar502.com\/index.php\/nuestros-clientes\/#primaryimage\",\"url\":\"https:\/\/technologysolutions.ar502.com\/wp-content\/uploads\/2024\/10\/cropped-imagen-sin-fondo-194x156-1.png\",\"contentUrl\":\"https:\/\/technologysolutions.ar502.com\/wp-content\/uploads\/2024\/10\/cropped-imagen-sin-fondo-194x156-1.png\",\"width\":194,\"height\":156},{\"@type\":\"BreadcrumbList\",\"@id\":\"https:\/\/technologysolutions.ar502.com\/index.php\/nuestros-clientes\/#breadcrumb\",\"itemListElement\":[{\"@type\":\"ListItem\",\"position\":1,\"name\":\"Home\",\"item\":\"https:\/\/technologysolutions.ar502.com\/\"},{\"@type\":\"ListItem\",\"position\":2,\"name\":\"Nuestros Clientes\"}]},{\"@type\":\"WebSite\",\"@id\":\"https:\/\/technologysolutions.ar502.com\/#website\",\"url\":\"https:\/\/technologysolutions.ar502.com\/\",\"name\":\"Technology Solution\",\"description\":\"Servicios Tecnologicos a la medida\",\"publisher\":{\"@id\":\"https:\/\/technologysolutions.ar502.com\/#organization\"},\"potentialAction\":[{\"@type\":\"SearchAction\",\"target\":{\"@type\":\"EntryPoint\",\"urlTemplate\":\"https:\/\/technologysolutions.ar502.com\/?s={search_term_string}\"},\"query-input\":{\"@type\":\"PropertyValueSpecification\",\"valueRequired\":true,\"valueName\":\"search_term_string\"}}],\"inLanguage\":\"en-US\"},{\"@type\":\"Organization\",\"@id\":\"https:\/\/technologysolutions.ar502.com\/#organization\",\"name\":\"Technology Solution\",\"url\":\"https:\/\/technologysolutions.ar502.com\/\",\"logo\":{\"@type\":\"ImageObject\",\"inLanguage\":\"en-US\",\"@id\":\"https:\/\/technologysolutions.ar502.com\/#\/schema\/logo\/image\/\",\"url\":\"https:\/\/technologysolutions.ar502.com\/wp-content\/uploads\/2024\/10\/Logotipo-tecnologia-ilustrado-azul-1.png\",\"contentUrl\":\"https:\/\/technologysolutions.ar502.com\/wp-content\/uploads\/2024\/10\/Logotipo-tecnologia-ilustrado-azul-1.png\",\"width\":500,\"height\":500,\"caption\":\"Technology Solution\"},\"image\":{\"@id\":\"https:\/\/technologysolutions.ar502.com\/#\/schema\/logo\/image\/\"}}]}<\/script>\n<!-- \/ Yoast SEO plugin. -->","yoast_head_json":{"title":"Nuestros Clientes - Technology Solution","robots":{"index":"index","follow":"follow","max-snippet":"max-snippet:-1","max-image-preview":"max-image-preview:large","max-video-preview":"max-video-preview:-1"},"canonical":"https:\/\/technologysolutions.ar502.com\/index.php\/nuestros-clientes\/","og_locale":"en_US","og_type":"article","og_title":"Nuestros Clientes - Technology Solution","og_description":"Algunos de nuestros clientes Transportes Guevara Alfaro Empresa de transportes, traslado de contenedores y carga especializada. Life Builders Construccion de casas de madera y venta de inmuebles. EbeneKids Ministerio infantil, ense\u00f1anza b\u00edblica y actividades din\u00e1micas para ni\u00f1os.","og_url":"https:\/\/technologysolutions.ar502.com\/index.php\/nuestros-clientes\/","og_site_name":"Technology Solution","article_modified_time":"2024-11-03T01:30:40+00:00","og_image":[{"width":194,"height":156,"url":"https:\/\/technologysolutions.ar502.com\/wp-content\/uploads\/2024\/10\/cropped-imagen-sin-fondo-194x156-1.png","type":"image\/png"}],"twitter_card":"summary_large_image","twitter_misc":{"Est. reading time":"1 minute"},"schema":{"@context":"https:\/\/schema.org","@graph":[{"@type":"WebPage","@id":"https:\/\/technologysolutions.ar502.com\/index.php\/nuestros-clientes\/","url":"https:\/\/technologysolutions.ar502.com\/index.php\/nuestros-clientes\/","name":"Nuestros Clientes - Technology Solution","isPartOf":{"@id":"https:\/\/technologysolutions.ar502.com\/#website"},"primaryImageOfPage":{"@id":"https:\/\/technologysolutions.ar502.com\/index.php\/nuestros-clientes\/#primaryimage"},"image":{"@id":"https:\/\/technologysolutions.ar502.com\/index.php\/nuestros-clientes\/#primaryimage"},"thumbnailUrl":"https:\/\/technologysolutions.ar502.com\/wp-content\/uploads\/2024\/10\/cropped-imagen-sin-fondo-194x156-1.png","datePublished":"2024-01-01T19:02:37+00:00","dateModified":"2024-11-03T01:30:40+00:00","breadcrumb":{"@id":"https:\/\/technologysolutions.ar502.com\/index.php\/nuestros-clientes\/#breadcrumb"},"inLanguage":"en-US","potentialAction":[{"@type":"ReadAction","target":["https:\/\/technologysolutions.ar502.com\/index.php\/nuestros-clientes\/"]}]},{"@type":"ImageObject","inLanguage":"en-US","@id":"https:\/\/technologysolutions.ar502.com\/index.php\/nuestros-clientes\/#primaryimage","url":"https:\/\/technologysolutions.ar502.com\/wp-content\/uploads\/2024\/10\/cropped-imagen-sin-fondo-194x156-1.png","contentUrl":"https:\/\/technologysolutions.ar502.com\/wp-content\/uploads\/2024\/10\/cropped-imagen-sin-fondo-194x156-1.png","width":194,"height":156},{"@type":"BreadcrumbList","@id":"https:\/\/technologysolutions.ar502.com\/index.php\/nuestros-clientes\/#breadcrumb","itemListElement":[{"@type":"ListItem","position":1,"name":"Home","item":"https:\/\/technologysolutions.ar502.com\/"},{"@type":"ListItem","position":2,"name":"Nuestros Clientes"}]},{"@type":"WebSite","@id":"https:\/\/technologysolutions.ar502.com\/#website","url":"https:\/\/technologysolutions.ar502.com\/","name":"Technology Solution","description":"Servicios Tecnologicos a la medida","publisher":{"@id":"https:\/\/technologysolutions.ar502.com\/#organization"},"potentialAction":[{"@type":"SearchAction","target":{"@type":"EntryPoint","urlTemplate":"https:\/\/technologysolutions.ar502.com\/?s={search_term_string}"},"query-input":{"@type":"PropertyValueSpecification","valueRequired":true,"valueName":"search_term_string"}}],"inLanguage":"en-US"},{"@type":"Organization","@id":"https:\/\/technologysolutions.ar502.com\/#organization","name":"Technology Solution","url":"https:\/\/technologysolutions.ar502.com\/","logo":{"@type":"ImageObject","inLanguage":"en-US","@id":"https:\/\/technologysolutions.ar502.com\/#\/schema\/logo\/image\/","url":"https:\/\/technologysolutions.ar502.com\/wp-content\/uploads\/2024\/10\/Logotipo-tecnologia-ilustrado-azul-1.png","contentUrl":"https:\/\/technologysolutions.ar502.com\/wp-content\/uploads\/2024\/10\/Logotipo-tecnologia-ilustrado-azul-1.png","width":500,"height":500,"caption":"Technology Solution"},"image":{"@id":"https:\/\/technologysolutions.ar502.com\/#\/schema\/logo\/image\/"}}]}},"jetpack_sharing_enabled":true,"_links":{"self":[{"href":"https:\/\/technologysolutions.ar502.com\/index.php\/wp-json\/wp\/v2\/pages\/114","targetHints":{"allow":["GET"]}}],"collection":[{"href":"https:\/\/technologysolutions.ar502.com\/index.php\/wp-json\/wp\/v2\/pages"}],"about":[{"href":"https:\/\/technologysolutions.ar502.com\/index.php\/wp-json\/wp\/v2\/types\/page"}],"author":[{"embeddable":true,"href":"https:\/\/technologysolutions.ar502.com\/index.php\/wp-json\/wp\/v2\/users\/1"}],"replies":[{"embeddable":true,"href":"https:\/\/technologysolutions.ar502.com\/index.php\/wp-json\/wp\/v2\/comments?post=114"}],"version-history":[{"count":24,"href":"https:\/\/technologysolutions.ar502.com\/index.php\/wp-json\/wp\/v2\/pages\/114\/revisions"}],"predecessor-version":[{"id":597,"href":"https:\/\/technologysolutions.ar502.com\/index.php\/wp-json\/wp\/v2\/pages\/114\/revisions\/597"}],"wp:attachment":[{"href":"https:\/\/technologysolutions.ar502.com\/index.php\/wp-json\/wp\/v2\/media?parent=114"}],"curies":[{"name":"wp","href":"https:\/\/api.w.org\/{rel}","templated":true}]}}